{"id":10223,"date":"2026-04-13T18:35:33","date_gmt":"2026-04-13T16:35:33","guid":{"rendered":"https:\/\/kontaktbeograd.rs\/?post_type=avada_portfolio&#038;p=10223"},"modified":"2026-04-13T18:35:33","modified_gmt":"2026-04-13T16:35:33","slug":"dina-jasari-kantautorka-mk","status":"publish","type":"avada_portfolio","link":"https:\/\/kontaktbeograd.rs\/sr\/delegates\/dina-jasari-kantautorka-mk\/","title":{"rendered":"<strong>Dina Ja\u0161ari<\/strong> <br> (Kantautorka, MK)"},"content":{"rendered":"<p class=\"p1\">Dina Ja\u0161ari je kantautorka i producentkinja iz Severne Makedonije, prepoznatljiva po spoju popa i neo-soula. Njeno introspektivno i izra\u017eajno stvarala\u0161tvo donelo joj je sve ve\u0107u publiku \u0161irom Balkana i Evrope.<\/p>\n<p class=\"p1\">Nastupala je na zna\u010dajnim regionalnim i me\u0111unarodnim festivalima, uklju\u010duju\u0107i MENT, EXIT, Eurosonic ESNS i MIL Lisbon, kao i na klju\u010dnim scenama u Severnoj Makedoniji. Dobitnica je nagrade \u201eMilan Mladenovi\u0107\u201c za 2022. godinu, koja je svrstava me\u0111u najperspektivnije umetnike u regionu.<\/p>\n<p class=\"p1\">Objavila je EP <i>Doma<\/i>, album <i>Rastenija bez koren<\/i>, kao i vi\u0161e singlova, uklju\u010duju\u0107i saradnju sa Dukeom Bojadzievim. Godine 2025. nastupila je kao predgrupa na koncertu benda Massive Attack u Skoplju, \u0161to predstavlja jo\u0161 jedan va\u017ean korak u njenoj karijeri.<\/p>\n","protected":false},"excerpt":{"rendered":"<p>Dina Ja\u0161ari je kantautorka i producentkinja iz Severne Makedonije, prepoznatljiva po spoju popa i neo-soula. Njeno introspektivno<\/p>\n","protected":false},"author":6,"featured_media":10225,"menu_order":0,"template":"","format":"standard","meta":{"footnotes":""},"portfolio_category":[99],"portfolio_skills":[],"portfolio_tags":[],"class_list":["post-10223","avada_portfolio","type-avada_portfolio","status-publish","format-standard","has-post-thumbnail","hentry","portfolio_category-99"],"yoast_head":"<!-- This site is optimized with the Yoast SEO plugin v27.4 - https:\/\/yoast.com\/product\/yoast-seo-wordpress\/ -->\n<title>Dina Ja\u0161ari  (Kantautorka, MK) - Kontakt konferencija<\/title>\n<meta name=\"robots\" content=\"index, follow, max-snippet:-1, max-image-preview:large, max-video-preview:-1\" \/>\n<link rel=\"canonical\" href=\"https:\/\/kontaktbeograd.rs\/sr\/delegates\/dina-jasari-kantautorka-mk\/\" \/>\n<meta property=\"og:locale\" content=\"sr_RS\" \/>\n<meta property=\"og:type\" content=\"article\" \/>\n<meta property=\"og:title\" content=\"Dina Ja\u0161ari  (Kantautorka, MK) - Kontakt konferencija\" \/>\n<meta property=\"og:description\" content=\"Dina Ja\u0161ari je kantautorka i producentkinja iz Severne Makedonije, prepoznatljiva po spoju popa i neo-soula. Njeno introspektivno\" \/>\n<meta property=\"og:url\" content=\"https:\/\/kontaktbeograd.rs\/sr\/delegates\/dina-jasari-kantautorka-mk\/\" \/>\n<meta property=\"og:site_name\" content=\"Kontakt konferencija\" \/>\n<meta property=\"article:publisher\" content=\"https:\/\/www.facebook.com\/KontaktBeograd\/\" \/>\n<meta property=\"og:image\" content=\"https:\/\/kontaktbeograd.rs\/wp-content\/uploads\/2026\/04\/Dina-Jas\u030cari.jpg\" \/>\n\t<meta property=\"og:image:width\" content=\"1000\" \/>\n\t<meta property=\"og:image:height\" content=\"1500\" \/>\n\t<meta property=\"og:image:type\" content=\"image\/jpeg\" \/>\n<meta name=\"twitter:card\" content=\"summary_large_image\" \/>\n<meta name=\"twitter:label1\" content=\"Procenjeno vreme \u010ditanja\" \/>\n\t<meta name=\"twitter:data1\" content=\"1 minut\" \/>\n<script type=\"application\/ld+json\" class=\"yoast-schema-graph\">{\"@context\":\"https:\\\/\\\/schema.org\",\"@graph\":[{\"@type\":\"WebPage\",\"@id\":\"https:\\\/\\\/kontaktbeograd.rs\\\/sr\\\/delegates\\\/dina-jasari-kantautorka-mk\\\/\",\"url\":\"https:\\\/\\\/kontaktbeograd.rs\\\/sr\\\/delegates\\\/dina-jasari-kantautorka-mk\\\/\",\"name\":\"Dina Ja\u0161ari (Kantautorka, MK) - Kontakt konferencija\",\"isPartOf\":{\"@id\":\"https:\\\/\\\/kontaktbeograd.rs\\\/sr\\\/#website\"},\"primaryImageOfPage\":{\"@id\":\"https:\\\/\\\/kontaktbeograd.rs\\\/sr\\\/delegates\\\/dina-jasari-kantautorka-mk\\\/#primaryimage\"},\"image\":{\"@id\":\"https:\\\/\\\/kontaktbeograd.rs\\\/sr\\\/delegates\\\/dina-jasari-kantautorka-mk\\\/#primaryimage\"},\"thumbnailUrl\":\"https:\\\/\\\/kontaktbeograd.rs\\\/wp-content\\\/uploads\\\/2026\\\/04\\\/Dina-Jas\u030cari.jpg\",\"datePublished\":\"2026-04-13T16:35:33+00:00\",\"breadcrumb\":{\"@id\":\"https:\\\/\\\/kontaktbeograd.rs\\\/sr\\\/delegates\\\/dina-jasari-kantautorka-mk\\\/#breadcrumb\"},\"inLanguage\":\"sr-RS\",\"potentialAction\":[{\"@type\":\"ReadAction\",\"target\":[\"https:\\\/\\\/kontaktbeograd.rs\\\/sr\\\/delegates\\\/dina-jasari-kantautorka-mk\\\/\"]}]},{\"@type\":\"ImageObject\",\"inLanguage\":\"sr-RS\",\"@id\":\"https:\\\/\\\/kontaktbeograd.rs\\\/sr\\\/delegates\\\/dina-jasari-kantautorka-mk\\\/#primaryimage\",\"url\":\"https:\\\/\\\/kontaktbeograd.rs\\\/wp-content\\\/uploads\\\/2026\\\/04\\\/Dina-Jas\u030cari.jpg\",\"contentUrl\":\"https:\\\/\\\/kontaktbeograd.rs\\\/wp-content\\\/uploads\\\/2026\\\/04\\\/Dina-Jas\u030cari.jpg\",\"width\":1000,\"height\":1500},{\"@type\":\"BreadcrumbList\",\"@id\":\"https:\\\/\\\/kontaktbeograd.rs\\\/sr\\\/delegates\\\/dina-jasari-kantautorka-mk\\\/#breadcrumb\",\"itemListElement\":[{\"@type\":\"ListItem\",\"position\":1,\"name\":\"Home\",\"item\":\"https:\\\/\\\/kontaktbeograd.rs\\\/sr\\\/\"},{\"@type\":\"ListItem\",\"position\":2,\"name\":\"Portfolio\",\"item\":\"https:\\\/\\\/kontaktbeograd.rs\\\/sr\\\/delegates\\\/\"},{\"@type\":\"ListItem\",\"position\":3,\"name\":\"Dina Ja\u0161ari (Kantautorka, MK)\"}]},{\"@type\":\"WebSite\",\"@id\":\"https:\\\/\\\/kontaktbeograd.rs\\\/sr\\\/#website\",\"url\":\"https:\\\/\\\/kontaktbeograd.rs\\\/sr\\\/\",\"name\":\"Kontakt konferencija\",\"description\":\"Kontakt 2025\",\"publisher\":{\"@id\":\"https:\\\/\\\/kontaktbeograd.rs\\\/sr\\\/#organization\"},\"potentialAction\":[{\"@type\":\"SearchAction\",\"target\":{\"@type\":\"EntryPoint\",\"urlTemplate\":\"https:\\\/\\\/kontaktbeograd.rs\\\/sr\\\/?s={search_term_string}\"},\"query-input\":{\"@type\":\"PropertyValueSpecification\",\"valueRequired\":true,\"valueName\":\"search_term_string\"}}],\"inLanguage\":\"sr-RS\"},{\"@type\":\"Organization\",\"@id\":\"https:\\\/\\\/kontaktbeograd.rs\\\/sr\\\/#organization\",\"name\":\"Kontakt konferencija\",\"url\":\"https:\\\/\\\/kontaktbeograd.rs\\\/sr\\\/\",\"logo\":{\"@type\":\"ImageObject\",\"inLanguage\":\"sr-RS\",\"@id\":\"https:\\\/\\\/kontaktbeograd.rs\\\/sr\\\/#\\\/schema\\\/logo\\\/image\\\/\",\"url\":\"https:\\\/\\\/www.kontakt.org.rs\\\/wp-content\\\/uploads\\\/2023\\\/01\\\/KONTAKT_23-header-logo-3.png\",\"contentUrl\":\"https:\\\/\\\/www.kontakt.org.rs\\\/wp-content\\\/uploads\\\/2023\\\/01\\\/KONTAKT_23-header-logo-3.png\",\"width\":706,\"height\":71,\"caption\":\"Kontakt konferencija\"},\"image\":{\"@id\":\"https:\\\/\\\/kontaktbeograd.rs\\\/sr\\\/#\\\/schema\\\/logo\\\/image\\\/\"},\"sameAs\":[\"https:\\\/\\\/www.facebook.com\\\/KontaktBeograd\\\/\",\"https:\\\/\\\/www.instagram.com\\\/kontakt_beograd\\\/\"]}]}<\/script>\n<!-- \/ Yoast SEO plugin. -->","yoast_head_json":{"title":"Dina Ja\u0161ari  (Kantautorka, MK) - Kontakt konferencija","robots":{"index":"index","follow":"follow","max-snippet":"max-snippet:-1","max-image-preview":"max-image-preview:large","max-video-preview":"max-video-preview:-1"},"canonical":"https:\/\/kontaktbeograd.rs\/sr\/delegates\/dina-jasari-kantautorka-mk\/","og_locale":"sr_RS","og_type":"article","og_title":"Dina Ja\u0161ari  (Kantautorka, MK) - Kontakt konferencija","og_description":"Dina Ja\u0161ari je kantautorka i producentkinja iz Severne Makedonije, prepoznatljiva po spoju popa i neo-soula. Njeno introspektivno","og_url":"https:\/\/kontaktbeograd.rs\/sr\/delegates\/dina-jasari-kantautorka-mk\/","og_site_name":"Kontakt konferencija","article_publisher":"https:\/\/www.facebook.com\/KontaktBeograd\/","og_image":[{"width":1000,"height":1500,"url":"https:\/\/kontaktbeograd.rs\/wp-content\/uploads\/2026\/04\/Dina-Jas\u030cari.jpg","type":"image\/jpeg"}],"twitter_card":"summary_large_image","twitter_misc":{"Procenjeno vreme \u010ditanja":"1 minut"},"schema":{"@context":"https:\/\/schema.org","@graph":[{"@type":"WebPage","@id":"https:\/\/kontaktbeograd.rs\/sr\/delegates\/dina-jasari-kantautorka-mk\/","url":"https:\/\/kontaktbeograd.rs\/sr\/delegates\/dina-jasari-kantautorka-mk\/","name":"Dina Ja\u0161ari (Kantautorka, MK) - Kontakt konferencija","isPartOf":{"@id":"https:\/\/kontaktbeograd.rs\/sr\/#website"},"primaryImageOfPage":{"@id":"https:\/\/kontaktbeograd.rs\/sr\/delegates\/dina-jasari-kantautorka-mk\/#primaryimage"},"image":{"@id":"https:\/\/kontaktbeograd.rs\/sr\/delegates\/dina-jasari-kantautorka-mk\/#primaryimage"},"thumbnailUrl":"https:\/\/kontaktbeograd.rs\/wp-content\/uploads\/2026\/04\/Dina-Jas\u030cari.jpg","datePublished":"2026-04-13T16:35:33+00:00","breadcrumb":{"@id":"https:\/\/kontaktbeograd.rs\/sr\/delegates\/dina-jasari-kantautorka-mk\/#breadcrumb"},"inLanguage":"sr-RS","potentialAction":[{"@type":"ReadAction","target":["https:\/\/kontaktbeograd.rs\/sr\/delegates\/dina-jasari-kantautorka-mk\/"]}]},{"@type":"ImageObject","inLanguage":"sr-RS","@id":"https:\/\/kontaktbeograd.rs\/sr\/delegates\/dina-jasari-kantautorka-mk\/#primaryimage","url":"https:\/\/kontaktbeograd.rs\/wp-content\/uploads\/2026\/04\/Dina-Jas\u030cari.jpg","contentUrl":"https:\/\/kontaktbeograd.rs\/wp-content\/uploads\/2026\/04\/Dina-Jas\u030cari.jpg","width":1000,"height":1500},{"@type":"BreadcrumbList","@id":"https:\/\/kontaktbeograd.rs\/sr\/delegates\/dina-jasari-kantautorka-mk\/#breadcrumb","itemListElement":[{"@type":"ListItem","position":1,"name":"Home","item":"https:\/\/kontaktbeograd.rs\/sr\/"},{"@type":"ListItem","position":2,"name":"Portfolio","item":"https:\/\/kontaktbeograd.rs\/sr\/delegates\/"},{"@type":"ListItem","position":3,"name":"Dina Ja\u0161ari (Kantautorka, MK)"}]},{"@type":"WebSite","@id":"https:\/\/kontaktbeograd.rs\/sr\/#website","url":"https:\/\/kontaktbeograd.rs\/sr\/","name":"Kontakt konferencija","description":"Kontakt 2025","publisher":{"@id":"https:\/\/kontaktbeograd.rs\/sr\/#organization"},"potentialAction":[{"@type":"SearchAction","target":{"@type":"EntryPoint","urlTemplate":"https:\/\/kontaktbeograd.rs\/sr\/?s={search_term_string}"},"query-input":{"@type":"PropertyValueSpecification","valueRequired":true,"valueName":"search_term_string"}}],"inLanguage":"sr-RS"},{"@type":"Organization","@id":"https:\/\/kontaktbeograd.rs\/sr\/#organization","name":"Kontakt konferencija","url":"https:\/\/kontaktbeograd.rs\/sr\/","logo":{"@type":"ImageObject","inLanguage":"sr-RS","@id":"https:\/\/kontaktbeograd.rs\/sr\/#\/schema\/logo\/image\/","url":"https:\/\/www.kontakt.org.rs\/wp-content\/uploads\/2023\/01\/KONTAKT_23-header-logo-3.png","contentUrl":"https:\/\/www.kontakt.org.rs\/wp-content\/uploads\/2023\/01\/KONTAKT_23-header-logo-3.png","width":706,"height":71,"caption":"Kontakt konferencija"},"image":{"@id":"https:\/\/kontaktbeograd.rs\/sr\/#\/schema\/logo\/image\/"},"sameAs":["https:\/\/www.facebook.com\/KontaktBeograd\/","https:\/\/www.instagram.com\/kontakt_beograd\/"]}]}},"_links":{"self":[{"href":"https:\/\/kontaktbeograd.rs\/sr\/wp-json\/wp\/v2\/avada_portfolio\/10223","targetHints":{"allow":["GET"]}}],"collection":[{"href":"https:\/\/kontaktbeograd.rs\/sr\/wp-json\/wp\/v2\/avada_portfolio"}],"about":[{"href":"https:\/\/kontaktbeograd.rs\/sr\/wp-json\/wp\/v2\/types\/avada_portfolio"}],"author":[{"embeddable":true,"href":"https:\/\/kontaktbeograd.rs\/sr\/wp-json\/wp\/v2\/users\/6"}],"version-history":[{"count":1,"href":"https:\/\/kontaktbeograd.rs\/sr\/wp-json\/wp\/v2\/avada_portfolio\/10223\/revisions"}],"predecessor-version":[{"id":10227,"href":"https:\/\/kontaktbeograd.rs\/sr\/wp-json\/wp\/v2\/avada_portfolio\/10223\/revisions\/10227"}],"wp:featuredmedia":[{"embeddable":true,"href":"https:\/\/kontaktbeograd.rs\/sr\/wp-json\/wp\/v2\/media\/10225"}],"wp:attachment":[{"href":"https:\/\/kontaktbeograd.rs\/sr\/wp-json\/wp\/v2\/media?parent=10223"}],"wp:term":[{"taxonomy":"portfolio_category","embeddable":true,"href":"https:\/\/kontaktbeograd.rs\/sr\/wp-json\/wp\/v2\/portfolio_category?post=10223"},{"taxonomy":"portfolio_skills","embeddable":true,"href":"https:\/\/kontaktbeograd.rs\/sr\/wp-json\/wp\/v2\/portfolio_skills?post=10223"},{"taxonomy":"portfolio_tags","embeddable":true,"href":"https:\/\/kontaktbeograd.rs\/sr\/wp-json\/wp\/v2\/portfolio_tags?post=10223"}],"curies":[{"name":"wp","href":"https:\/\/api.w.org\/{rel}","templated":true}]}}

<strong>Dina Jašari</strong> <br> (Kantautorka, MK)

<p class="p1">Dina Jašari je kantautorka i producentkinja iz Severne Makedonije, prepoznatljiva po spoju popa i neo-soula. Njeno introspektivno i izražajno stvaralaštvo donelo joj je sve veću publiku širom Balkana i Evrope.</p>
<p class="p1">Nastupala je na značajnim regionalnim i međunarodnim festivalima, uključujući MENT, EXIT, Eurosonic ESNS i MIL Lisbon, kao i na ključnim scenama u Severnoj Makedoniji. Dobitnica je nagrade „Milan Mladenović“ za 2022. godinu, koja je svrstava među najperspektivnije umetnike u regionu.</p>
<p class="p1">Objavila je EP <i>Doma</i>, album <i>Rastenija bez koren</i>, kao i više singlova, uključujući saradnju sa Dukeom Bojadzievim. Godine 2025. nastupila je kao predgrupa na koncertu benda Massive Attack u Skoplju, što predstavlja još jedan važan korak u njenoj karijeri.</p>

<p>Dina Jašari je kantautorka i producentkinja iz Severne Makedonije, prepoznatljiva po spoju popa i neo-soula. Njeno introspektivno</p>

<!-- This site is optimized with the Yoast SEO plugin v27.4 - https://yoast.com/product/yoast-seo-wordpress/ -->
<title>Dina Jašari  (Kantautorka, MK) - Kontakt konferencija</title>
<meta name="robots" content="index, follow, max-snippet:-1, max-image-preview:large, max-video-preview:-1" />
<link rel="canonical" href="https://kontaktbeograd.rs/sr/delegates/dina-jasari-kantautorka-mk/" />
<meta property="og:locale" content="sr_RS" />
<meta property="og:type" content="article" />
<meta property="og:title" content="Dina Jašari  (Kantautorka, MK) - Kontakt konferencija" />
<meta property="og:description" content="Dina Jašari je kantautorka i producentkinja iz Severne Makedonije, prepoznatljiva po spoju popa i neo-soula. Njeno introspektivno" />
<meta property="og:url" content="https://kontaktbeograd.rs/sr/delegates/dina-jasari-kantautorka-mk/" />
<meta property="og:site_name" content="Kontakt konferencija" />
<meta property="article:publisher" content="https://www.facebook.com/KontaktBeograd/" />
<meta property="og:image" content="https://kontaktbeograd.rs/wp-content/uploads/2026/04/Dina-Jašari.jpg" />
	<meta property="og:image:width" content="1000" />
	<meta property="og:image:height" content="1500" />
	<meta property="og:image:type" content="image/jpeg" />
<meta name="twitter:card" content="summary_large_image" />
<meta name="twitter:label1" content="Procenjeno vreme čitanja" />
	<meta name="twitter:data1" content="1 minut" />
<script type="application/ld+json" class="yoast-schema-graph">{"@context":"https:\/\/schema.org","@graph":[{"@type":"WebPage","@id":"https:\/\/kontaktbeograd.rs\/sr\/delegates\/dina-jasari-kantautorka-mk\/","url":"https:\/\/kontaktbeograd.rs\/sr\/delegates\/dina-jasari-kantautorka-mk\/","name":"Dina Jašari (Kantautorka, MK) - Kontakt konferencija","isPartOf":{"@id":"https:\/\/kontaktbeograd.rs\/sr\/#website"},"primaryImageOfPage":{"@id":"https:\/\/kontaktbeograd.rs\/sr\/delegates\/dina-jasari-kantautorka-mk\/#primaryimage"},"image":{"@id":"https:\/\/kontaktbeograd.rs\/sr\/delegates\/dina-jasari-kantautorka-mk\/#primaryimage"},"thumbnailUrl":"https:\/\/kontaktbeograd.rs\/wp-content\/uploads\/2026\/04\/Dina-Jašari.jpg","datePublished":"2026-04-13T16:35:33+00:00","breadcrumb":{"@id":"https:\/\/kontaktbeograd.rs\/sr\/delegates\/dina-jasari-kantautorka-mk\/#breadcrumb"},"inLanguage":"sr-RS","potentialAction":[{"@type":"ReadAction","target":["https:\/\/kontaktbeograd.rs\/sr\/delegates\/dina-jasari-kantautorka-mk\/"]}]},{"@type":"ImageObject","inLanguage":"sr-RS","@id":"https:\/\/kontaktbeograd.rs\/sr\/delegates\/dina-jasari-kantautorka-mk\/#primaryimage","url":"https:\/\/kontaktbeograd.rs\/wp-content\/uploads\/2026\/04\/Dina-Jašari.jpg","contentUrl":"https:\/\/kontaktbeograd.rs\/wp-content\/uploads\/2026\/04\/Dina-Jašari.jpg","width":1000,"height":1500},{"@type":"BreadcrumbList","@id":"https:\/\/kontaktbeograd.rs\/sr\/delegates\/dina-jasari-kantautorka-mk\/#breadcrumb","itemListElement":[{"@type":"ListItem","position":1,"name":"Home","item":"https:\/\/kontaktbeograd.rs\/sr\/"},{"@type":"ListItem","position":2,"name":"Portfolio","item":"https:\/\/kontaktbeograd.rs\/sr\/delegates\/"},{"@type":"ListItem","position":3,"name":"Dina Jašari (Kantautorka, MK)"}]},{"@type":"WebSite","@id":"https:\/\/kontaktbeograd.rs\/sr\/#website","url":"https:\/\/kontaktbeograd.rs\/sr\/","name":"Kontakt konferencija","description":"Kontakt 2025","publisher":{"@id":"https:\/\/kontaktbeograd.rs\/sr\/#organization"},"potentialAction":[{"@type":"SearchAction","target":{"@type":"EntryPoint","urlTemplate":"https:\/\/kontaktbeograd.rs\/sr\/?s={search_term_string}"},"query-input":{"@type":"PropertyValueSpecification","valueRequired":true,"valueName":"search_term_string"}}],"inLanguage":"sr-RS"},{"@type":"Organization","@id":"https:\/\/kontaktbeograd.rs\/sr\/#organization","name":"Kontakt konferencija","url":"https:\/\/kontaktbeograd.rs\/sr\/","logo":{"@type":"ImageObject","inLanguage":"sr-RS","@id":"https:\/\/kontaktbeograd.rs\/sr\/#\/schema\/logo\/image\/","url":"https:\/\/www.kontakt.org.rs\/wp-content\/uploads\/2023\/01\/KONTAKT_23-header-logo-3.png","contentUrl":"https:\/\/www.kontakt.org.rs\/wp-content\/uploads\/2023\/01\/KONTAKT_23-header-logo-3.png","width":706,"height":71,"caption":"Kontakt konferencija"},"image":{"@id":"https:\/\/kontaktbeograd.rs\/sr\/#\/schema\/logo\/image\/"},"sameAs":["https:\/\/www.facebook.com\/KontaktBeograd\/","https:\/\/www.instagram.com\/kontakt_beograd\/"]}]}</script>
<!-- / Yoast SEO plugin. -->

Dina Jašari  (Kantautorka, MK) - Kontakt konferencija

Dina Jašari je kantautorka i producentkinja iz Severne Makedonije, prepoznatljiva po spoju popa i neo-soula. Njeno introspektivno

Dina Jašari (Kantautorka, MK) - Kontakt konferencija

Dina Jašari (Kantautorka, MK)
